y 2159?
1746
Calculate the remainder when 14036888 is divided by 7018440.
8
Calculate the remainder when 1680749 is divided by 79.
24
What is the remainder when 141112 is divided by 140782?
330
What is the remainder when 46606725 is divided by 11651680?
5
Calculate the remainder when 79522 is divided by 7011.
2401
Calculate the remainder when 9717 is divided by 245.
162
Calculate the remainder when 6615519 is divided by 1491.
1443
Calculate the remainder when 278490 is divided by 1067.
3
What is the remainder when 426950 is divided by 106729?
34
Calculate the remainder when 16859453 is divided by 215.
13
Calculate the remainder when 180989 is divided by 36119.
394
What is the remainder when 10550134 is divided by 32?
22
Calculate the remainder when 6714140 is divided by 818.
814
What is the remainder when 740955 is divided by 1764?
75
Calculate the remainder when 138710 is divided by 31.
16
Calculate the remainder when 1626055 is divided by 1685.
30
What is the remainder when 10501380 is divided by 756?
540
What is the remainder when 976630 is divided by 139514?
32
Calculate the remainder when 2783170 is divided by 7046.
0
Calculate the remainder when 25573717 is divided by 2324874.
103
What is the remainder when 110123631 is divided by 96?
15
What is the remainder when 15158 is divided by 7473?
212
What is the remainder when 86383 is divided by 41937?
2509
Calculate the remainder when 46973706 is divided by 412050.
6
Calculate the remainder when 83275813 is divided by 13.
10
Calculate the remainder when 17876 is divided by 14444.
3432
What is the remainder when 12827 is divided by 2389?
882
Calculate the remainder when 942387 is divided by 58.
3
What is the remainder when 1315100 is divided by 1804?
1788
What is the remainder when 19136894 is divided by 390?
374
Calculate the remainder when 3313669 is divided by 16404.
61
Calculate the remainder when 9354992 is divided by 3.
2
Calculate the remainder when 321538 is divided by 2702.
0
What is the remainder when 86279493 is divided by 545?
543
Calculate the remainder when 1409448 is divided by 94.
12
What is the remainder when 2190838 is divided by 35336?
6
What is the remainder when 651372 is divided by 3193?
0
What is the remainder when 752107 is divided by 94010?
27
What is the remainder when 5763504 is divided by 664?
648
Calculate the remainder when 1305037 is divided by 83.
28
What is the remainder when 166022 is divided by 82668?
686
Calculate the remainder when 20689 is divided by 893.
150
Calculate the remainder when 8476186 is divided by 789.
748
What is the remainder when 270686 is divided by 7519?
2
What is the remainder when 9334520 is divided by 131472?
8
What is the remainder when 4880576 is divided by 1848?
8
What is the remainder when 1775951 is divided by 61?
58
Calculate the remainder when 68491396 is divided by 62.
58
What is the remainder when 7238268 is divided by 36?
0
Calculate the remainder when 4407672 is divided by 282.
12
Calculate the remainder when 4851771 is divided by 233.
12
What is the remainder when 26981 is divided by 4039?
2747
Calculate the remainder when 12593890 is divided by 12593881.
9
What is the remainder when 57033872 is divided by 146?
140
What is the remainder when 1870311 is divided by 935141?
29
What is the remainder when 426592 is divided by 2437?
117
Calculate the remainder when 18701579 is divided by 944.
939
Calculate the remainder when 256308 is divided by 2247.
150
What is the remainder when 887263 is divided by 766?
235
Calculate the remainder when 1889730 is divided by 248.
218
Calculate the remainder when 194376 is divided by 97167.
42
What is the remainder when 6394341 is divided by 159?
156
Calculate the remainder when 570036 is divided by 831.
801
What is the remainder when 5470593 is divided by 364706?
3
Calculate the remainder when 8323849 is divided by 4161918.
13
Calculate the remainder when 7807019 is divided by 36.
23
Calculate the remainder when 105735 is divided by 13213.
31
What is the remainder when 138015175 is divided by 1590?
1585
What is the remainder when 33880 is divided by 4800?
280
Calculate the remainder when 403861 is divided by 201885.
91
Calculate the remainder when 162636 is divided by 1366.
82
What is the remainder when 932812689 is divided by 93?
90
What is the remainder when 718036 is divided by 2546?
64
What is the remainder when 1491227 is divided by 1412?
155
Calculate the remainder when 1207343 is divided by 201208.
95
Calculate the remainder when 241752 is divided by 8935.
507
Calculate the remainder when 572089 is divided by 141820.
4809
Calculate the remainder when 43255 is divided by 42195.
1060
What is the remainder when 7933928 is divided by 721252?
156
Calculate the remainder when 25431 is divided by 2231.
890
What is the remainder when 19688611 is divided by 673?
669
What is the remainder when 2495173 is divided by 95?
93
What is the remainder when 452759 is divided by 9226?
685
What is the remainder when 1326385 is divided by 8448?
49
Calculate the remainder when 1927168 is divided by 133.
131
Calculate the remainder when 557155876 is divided by 4181.
4178
Calculate the remainder when 20179715 is divided by 220.
215
What is the remainder when 2989576 is divided by 1281?
1003
Calculate the remainder when 276232 is divided by 46034.
28
What is the remainder when 4760244 is divided by 93333?
261
Calculate the remainder when 445951 is divided by 1032.
127
Calculate the remainder when 3067619 is divided by 129.
128
Calculate the remainder when 7016538 is divided by 597.
594
What is the remainder when 360790 is divided by 983?
29
Calculate the remainder when 139042 is divided by 381.
358
Calculate the remainder when 74319 is divided by 95.
29
What is the remainder when 234973 is divided by 234518?
455
Calculate the remainder when 178959 is divided by 89433.
93
What is the remainder when 1875291 is divided by 102?
21
Calculate the remainder when 21680 is divided by 980.
120
Calculate the remainder when 584474 is divided by 17676.
1166
Calculate the remainder when 264083 is divided by 2164.
75
Calculate the remainder when 1221160 is divided by 53.
40
What is the remainder when 795881873 is divided by 1513?
1509
What is the remainder when 841024 is divided by 32?
0
What is the remainder when 8946 is divided by 2692?
870
What is the remainder when 606327 is divided by 976?
231
Calculate the remainder when 7902126 is divided by 175.
1
What is the remainder when 97789272 is divided by 556?
548
Calculate the remainder when 40787858 is divided by 41.
33
Calculate the remainder when 461719 is divided by 33.
16
What is the remainder when 2450509 is divided by 3292?
1261
What is the remainder when 171649 is divided by 284?
113
What is the remainder when 7989338 is divided by 7425?
38
Calculate the remainder when 264188 is divided by 3456.
1532
Calculate the remainder when 13136 is divided by 12810.
326
What is the remainder when 190800 is divided by 10041?
21
What is the remainder when 3967489 is divided by 601?
288
What is the remainder when 336246 is divided by 1444?
1238
Calculate the remainder when 6603018 is divided by 199.
198
What is the remainder when 21492118 is divided by 130255?
43
What is the remainder when 84518 is divided by 929?
908
What is the remainder when 2450683 is divided by 1666?
1663
Calculate the remainder when 1160756 is divided by 61092.
8
What is the remainder when 66447356 is divided by 840?
836
Calculate the remainder when 15201468 is divided by 1689052.
0
Calculate the remainder when 34395972 is divided by 17197980.
12
Calculate the remainder when 1066840 is divided by 331.
27
What is the remainder when 5828979 is divided by 54?
3
What is the remainder when 5011039 is divided by 5011022?
17
What is the remainder when 324507 is divided by 64854?
237
What is the remainder when 3089 is divided by 115?
99
Calculate the remainder when 942278 is divided by 3625.
3403
What is the remainder when 68251 is divided by 33387?
1477
Calculate the remainder when 306686 is divided by 18020.
346
What is the remainder when 6827318 is divided by 17?
16
What is the remainder when 371726 is divided by 1010?
46
Calculate the remainder when 134575 is divided by 8395.
255
What is the remainder when 164